{"id":133,"date":"2025-10-30T19:43:40","date_gmt":"2025-10-30T19:43:40","guid":{"rendered":"https:\/\/alserfincas.com\/?page_id=133"},"modified":"2026-01-14T08:36:21","modified_gmt":"2026-01-14T08:36:21","slug":"quienes-somos","status":"publish","type":"page","link":"https:\/\/alserfincas.com\/index.php\/quienes-somos\/","title":{"rendered":"Quienes Somos"},"content":{"rendered":"\t\t<div data-elementor-type=\"wp-page\" data-elementor-id=\"133\" class=\"elementor elementor-133\" data-elementor-post-type=\"page\">\n\t\t\t\t<div class=\"elementor-element elementor-element-0083782 e-flex e-con-boxed e-con e-parent\" data-id=\"0083782\" data-element_type=\"container\" data-e-type=\"container\">\n\t\t\t\t\t<div class=\"e-con-inner\">\n\t\t\t\t<div class=\"elementor-element elementor-element-6ba9c85 elementor-widget elementor-widget-heading\" data-id=\"6ba9c85\" data-element_type=\"widget\" data-e-type=\"widget\" data-widget_type=\"heading.default\">\n\t\t\t\t\t<h2 class=\"elementor-heading-title elementor-size-default\">Qui\u00e9nes somos<\/h2>\t\t\t\t<\/div>\n\t\t\t\t<div class=\"elementor-element elementor-element-c6f8895 elementor-widget elementor-widget-text-editor\" data-id=\"c6f8895\" data-element_type=\"widget\" data-e-type=\"widget\" data-widget_type=\"text-editor.default\">\n\t\t\t\t\t\t\t\t\t<p><strong>Alser Administraci\u00f3n de Fincas, S.L.<\/strong> es una empresa especializada en la administraci\u00f3n de fincas y gesti\u00f3n de Comunidades de Propietarios, fundada en el a\u00f1o 2004. Estamos ubicados en el barrio de Chamber\u00ed, en Madrid, desde donde prestamos nuestros servicios a comunidades de propietarios de la zona y del resto de la ciudad.<\/p><p>En la actualidad, gestionamos m\u00e1s de 130 comunidades de propietarios, lo que avala nuestra experiencia, solvencia y capacidad de gesti\u00f3n en el sector de la administraci\u00f3n de comunidades en Madrid.<\/p><p>Nuestro principal objetivo es garantizar el correcto funcionamiento de las comunidades de propietarios, optimizando la gesti\u00f3n econ\u00f3mica, administrativa y t\u00e9cnica, y asegurando el cumplimiento de la normativa vigente. Trabajamos para ofrecer tranquilidad, transparencia y confianza tanto a propietarios como a juntas rectoras.<\/p><p>En Alser Administraci\u00f3n de Fincas apostamos por un trato cercano, personal y directo, basado en valores como la seriedad, la responsabilidad y la honestidad. Gracias a la organizaci\u00f3n interna de nuestro equipo, ofrecemos una atenci\u00f3n personalizada, con un seguimiento continuo y una comunicaci\u00f3n \u00e1gil y eficaz.<\/p><p>Nos implicamos en la gesti\u00f3n diaria de cada comunidad, ofreciendo soluciones adaptadas y un servicio integral de administraci\u00f3n de comunidades, siempre enfocado a mejorar la convivencia y la conservaci\u00f3n de los inmuebles.<\/p><p style=\"text-align: left;\">Si busca una empresa de administradores de fincas en Chamber\u00ed o administradores de fincas en Madrid con experiencia contrastada y un firme compromiso con sus clientes, Alser Administraci\u00f3n de Fincas, S.L. es su mejor aliado.<\/p>\t\t\t\t\t\t\t\t<\/div>\n\t\t\t\t<div class=\"elementor-element elementor-element-b5e1363 elementor-widget elementor-widget-heading\" data-id=\"b5e1363\" data-element_type=\"widget\" data-e-type=\"widget\" data-widget_type=\"heading.default\">\n\t\t\t\t\t<h2 class=\"elementor-heading-title elementor-size-default\">El equipo<\/h2>\t\t\t\t<\/div>\n\t\t<div class=\"elementor-element elementor-element-e0dcd04 e-grid e-con-full e-con e-child\" data-id=\"e0dcd04\" data-element_type=\"container\" data-e-type=\"container\">\n\t\t\t\t<div class=\"elementor-element elementor-element-f1fda81 elementor-position-top elementor-widget elementor-widget-image-box\" data-id=\"f1fda81\" data-element_type=\"widget\" data-e-type=\"widget\" data-widget_type=\"image-box.default\">\n\t\t\t\t\t<div class=\"elementor-image-box-wrapper\"><figure class=\"elementor-image-box-img\"><img fetchpriority=\"high\" decoding=\"async\" width=\"672\" height=\"672\" src=\"https:\/\/alserfincas.com\/wp-content\/uploads\/2026\/01\/001.jpg\" class=\"attachment-full size-full wp-image-854\" alt=\"\" srcset=\"https:\/\/alserfincas.com\/wp-content\/uploads\/2026\/01\/001.jpg 672w, https:\/\/alserfincas.com\/wp-content\/uploads\/2026\/01\/001-300x300.jpg 300w, https:\/\/alserfincas.com\/wp-content\/uploads\/2026\/01\/001-150x150.jpg 150w\" sizes=\"(max-width: 672px) 100vw, 672px\" \/><\/figure><div class=\"elementor-image-box-content\"><h3 class=\"elementor-image-box-title\">Javier<\/h3><p class=\"elementor-image-box-description\">Director General<\/p><\/div><\/div>\t\t\t\t<\/div>\n\t\t\t\t<div class=\"elementor-element elementor-element-f7a367e elementor-position-top elementor-widget elementor-widget-image-box\" data-id=\"f7a367e\" data-element_type=\"widget\" data-e-type=\"widget\" data-widget_type=\"image-box.default\">\n\t\t\t\t\t<div class=\"elementor-image-box-wrapper\"><figure class=\"elementor-image-box-img\"><img decoding=\"async\" width=\"880\" height=\"880\" src=\"https:\/\/alserfincas.com\/wp-content\/uploads\/2026\/01\/002.jpg\" class=\"attachment-full size-full wp-image-872\" alt=\"\" srcset=\"https:\/\/alserfincas.com\/wp-content\/uploads\/2026\/01\/002.jpg 880w, https:\/\/alserfincas.com\/wp-content\/uploads\/2026\/01\/002-300x300.jpg 300w, https:\/\/alserfincas.com\/wp-content\/uploads\/2026\/01\/002-150x150.jpg 150w, https:\/\/alserfincas.com\/wp-content\/uploads\/2026\/01\/002-768x768.jpg 768w\" sizes=\"(max-width: 880px) 100vw, 880px\" \/><\/figure><div class=\"elementor-image-box-content\"><h3 class=\"elementor-image-box-title\">Ana<\/h3><p class=\"elementor-image-box-description\">\u00c1rea financiera<\/p><\/div><\/div>\t\t\t\t<\/div>\n\t\t\t\t<div class=\"elementor-element elementor-element-7c4fffe elementor-position-top elementor-widget elementor-widget-image-box\" data-id=\"7c4fffe\" data-element_type=\"widget\" data-e-type=\"widget\" data-widget_type=\"image-box.default\">\n\t\t\t\t\t<div class=\"elementor-image-box-wrapper\"><figure class=\"elementor-image-box-img\"><img decoding=\"async\" width=\"672\" height=\"672\" src=\"https:\/\/alserfincas.com\/wp-content\/uploads\/2026\/01\/004.jpg\" class=\"attachment-full size-full wp-image-855\" alt=\"\" srcset=\"https:\/\/alserfincas.com\/wp-content\/uploads\/2026\/01\/004.jpg 672w, https:\/\/alserfincas.com\/wp-content\/uploads\/2026\/01\/004-300x300.jpg 300w, https:\/\/alserfincas.com\/wp-content\/uploads\/2026\/01\/004-150x150.jpg 150w\" sizes=\"(max-width: 672px) 100vw, 672px\" \/><\/figure><div class=\"elementor-image-box-content\"><h3 class=\"elementor-image-box-title\">Jos\u00e9 Mar\u00eda<\/h3><p class=\"elementor-image-box-description\">\u00c1rea administrativa y documental<\/p><\/div><\/div>\t\t\t\t<\/div>\n\t\t\t\t<div class=\"elementor-element elementor-element-c61ab5b elementor-position-top elementor-widget elementor-widget-image-box\" data-id=\"c61ab5b\" data-element_type=\"widget\" data-e-type=\"widget\" data-widget_type=\"image-box.default\">\n\t\t\t\t\t<div class=\"elementor-image-box-wrapper\"><figure class=\"elementor-image-box-img\"><img loading=\"lazy\" decoding=\"async\" width=\"672\" height=\"672\" src=\"https:\/\/alserfincas.com\/wp-content\/uploads\/2026\/01\/003.jpg\" class=\"attachment-full size-full wp-image-857\" alt=\"\" srcset=\"https:\/\/alserfincas.com\/wp-content\/uploads\/2026\/01\/003.jpg 672w, https:\/\/alserfincas.com\/wp-content\/uploads\/2026\/01\/003-300x300.jpg 300w, https:\/\/alserfincas.com\/wp-content\/uploads\/2026\/01\/003-150x150.jpg 150w\" sizes=\"(max-width: 672px) 100vw, 672px\" \/><\/figure><div class=\"elementor-image-box-content\"><h3 class=\"elementor-image-box-title\">Jos\u00e9 Miguel<\/h3><p class=\"elementor-image-box-description\">\u00c1rea de mantenimiento y conservaci\u00f3n<\/p><\/div><\/div>\t\t\t\t<\/div>\n\t\t\t\t<\/div>\n\t\t\t\t\t<\/div>\n\t\t\t\t<\/div>\n\t\t<div class=\"elementor-element elementor-element-7b7b87a1 e-con-full e-flex e-con e-parent\" data-id=\"7b7b87a1\" data-element_type=\"container\" data-e-type=\"container\">\n\t\t<div class=\"elementor-element elementor-element-2e62a09b e-con-full e-flex e-con e-child\" data-id=\"2e62a09b\" data-element_type=\"container\" data-e-type=\"container\" data-settings=\"{&quot;background_background&quot;:&quot;classic&quot;}\">\n\t\t\t\t<\/div>\n\t\t<div class=\"elementor-element elementor-element-2646b7a1 e-con-full e-flex e-con e-child\" data-id=\"2646b7a1\" data-element_type=\"container\" data-e-type=\"container\" data-settings=\"{&quot;background_background&quot;:&quot;classic&quot;}\">\n\t\t\t\t<div class=\"elementor-element elementor-element-5ac0d771 elementor-widget elementor-widget-heading\" data-id=\"5ac0d771\" data-element_type=\"widget\" data-e-type=\"widget\" data-widget_type=\"heading.default\">\n\t\t\t\t\t<h3 class=\"elementor-heading-title elementor-size-default\">Contacta con Alser<\/h3>\t\t\t\t<\/div>\n\t\t\t\t<div class=\"elementor-element elementor-element-5624f52a elementor-widget elementor-widget-heading\" data-id=\"5624f52a\" data-element_type=\"widget\" data-e-type=\"widget\" data-widget_type=\"heading.default\">\n\t\t\t\t\t<p class=\"elementor-heading-title elementor-size-default\">Contacta con nosotros y te responderemos a la mayor brevedad.<\/p>\t\t\t\t<\/div>\n\t\t\t\t<div class=\"elementor-element elementor-element-19d8658f elementor-button-align-end elementor-widget elementor-widget-form\" data-id=\"19d8658f\" data-element_type=\"widget\" data-e-type=\"widget\" data-settings=\"{&quot;step_next_label&quot;:&quot;Next&quot;,&quot;step_previous_label&quot;:&quot;Previous&quot;,&quot;button_width&quot;:&quot;100&quot;,&quot;step_type&quot;:&quot;number_text&quot;,&quot;step_icon_shape&quot;:&quot;circle&quot;}\" data-widget_type=\"form.default\">\n\t\t\t\t\t\t\t<form class=\"elementor-form\" method=\"post\" name=\"Contact Form\" aria-label=\"Contact Form\">\n\t\t\t<input type=\"hidden\" name=\"post_id\" value=\"133\"\/>\n\t\t\t<input type=\"hidden\" name=\"form_id\" value=\"19d8658f\"\/>\n\t\t\t<input type=\"hidden\" name=\"referer_title\" value=\"Alser Administraci\u00f3n de Fincas\" \/>\n\n\t\t\t\n\t\t\t<div class=\"elementor-form-fields-wrapper elementor-labels-\">\n\t\t\t\t\t\t\t\t<div class=\"elementor-field-type-text elementor-field-group elementor-column elementor-field-group-name elementor-col-50\">\n\t\t\t\t\t\t\t\t\t\t\t\t<label for=\"form-field-name\" class=\"elementor-field-label elementor-screen-only\">\n\t\t\t\t\t\t\t\tNombre\t\t\t\t\t\t\t<\/label>\n\t\t\t\t\t\t\t\t\t\t\t\t\t\t<input size=\"1\" type=\"text\" name=\"form_fields[name]\" id=\"form-field-name\" class=\"elementor-field elementor-size-md  elementor-field-textual\" placeholder=\"Nombre\">\n\t\t\t\t\t\t\t\t\t\t\t<\/div>\n\t\t\t\t\t\t\t\t<div class=\"elementor-field-type-text elementor-field-group elementor-column elementor-field-group-field_2b2d201 elementor-col-50\">\n\t\t\t\t\t\t\t\t\t\t\t\t<label for=\"form-field-field_2b2d201\" class=\"elementor-field-label elementor-screen-only\">\n\t\t\t\t\t\t\t\tApellidos\t\t\t\t\t\t\t<\/label>\n\t\t\t\t\t\t\t\t\t\t\t\t\t\t<input size=\"1\" type=\"text\" name=\"form_fields[field_2b2d201]\" id=\"form-field-field_2b2d201\" class=\"elementor-field elementor-size-md  elementor-field-textual\" placeholder=\"Apellidos\">\n\t\t\t\t\t\t\t\t\t\t\t<\/div>\n\t\t\t\t\t\t\t\t<div class=\"elementor-field-type-email elementor-field-group elementor-column elementor-field-group-email elementor-col-50 elementor-field-required\">\n\t\t\t\t\t\t\t\t\t\t\t\t<label for=\"form-field-email\" class=\"elementor-field-label elementor-screen-only\">\n\t\t\t\t\t\t\t\tEmail\t\t\t\t\t\t\t<\/label>\n\t\t\t\t\t\t\t\t\t\t\t\t\t\t<input size=\"1\" type=\"email\" name=\"form_fields[email]\" id=\"form-field-email\" class=\"elementor-field elementor-size-md  elementor-field-textual\" placeholder=\"Email\" required=\"required\">\n\t\t\t\t\t\t\t\t\t\t\t<\/div>\n\t\t\t\t\t\t\t\t<div class=\"elementor-field-type-tel elementor-field-group elementor-column elementor-field-group-field_d4c28c7 elementor-col-50 elementor-field-required\">\n\t\t\t\t\t\t\t\t\t\t\t\t<label for=\"form-field-field_d4c28c7\" class=\"elementor-field-label elementor-screen-only\">\n\t\t\t\t\t\t\t\tTel\u00e9fono\t\t\t\t\t\t\t<\/label>\n\t\t\t\t\t\t\t\t<input size=\"1\" type=\"tel\" name=\"form_fields[field_d4c28c7]\" id=\"form-field-field_d4c28c7\" class=\"elementor-field elementor-size-md  elementor-field-textual\" placeholder=\"Tel\u00e9fono\" required=\"required\" pattern=\"[0-9()#&amp;+*-=.]+\" title=\"Solo se aceptan n\u00fameros y caracteres de tel\u00e9fono (#,-,*,etc).\">\n\n\t\t\t\t\t\t<\/div>\n\t\t\t\t\t\t\t\t<div class=\"elementor-field-type-text elementor-field-group elementor-column elementor-field-group-field_2a73769 elementor-col-100\">\n\t\t\t\t\t\t\t\t\t\t\t\t<label for=\"form-field-field_2a73769\" class=\"elementor-field-label elementor-screen-only\">\n\t\t\t\t\t\t\t\tAsunto\t\t\t\t\t\t\t<\/label>\n\t\t\t\t\t\t\t\t\t\t\t\t\t\t<input size=\"1\" type=\"text\" name=\"form_fields[field_2a73769]\" id=\"form-field-field_2a73769\" class=\"elementor-field elementor-size-md  elementor-field-textual\" placeholder=\"Asunto\">\n\t\t\t\t\t\t\t\t\t\t\t<\/div>\n\t\t\t\t\t\t\t\t<div class=\"elementor-field-type-textarea elementor-field-group elementor-column elementor-field-group-message elementor-col-100\">\n\t\t\t\t\t\t\t\t\t\t\t\t<label for=\"form-field-message\" class=\"elementor-field-label elementor-screen-only\">\n\t\t\t\t\t\t\t\tComentario\t\t\t\t\t\t\t<\/label>\n\t\t\t\t\t\t<textarea class=\"elementor-field-textual elementor-field  elementor-size-md\" name=\"form_fields[message]\" id=\"form-field-message\" rows=\"4\" placeholder=\"\u00bfEn qu\u00e9 podemos ayudarte?\"><\/textarea>\t\t\t\t<\/div>\n\t\t\t\t\t\t\t\t<div class=\"elementor-field-type-acceptance elementor-field-group elementor-column elementor-field-group-field_9107a2e elementor-col-100 elementor-field-required\">\n\t\t\t\t\t\t\t\t\t\t\t\t<label for=\"form-field-field_9107a2e\" class=\"elementor-field-label elementor-screen-only\">\n\t\t\t\t\t\t\t\tPolitica de Privacidad\t\t\t\t\t\t\t<\/label>\n\t\t\t\t\t\t\t\t<div class=\"elementor-field-subgroup\">\n\t\t\t<span class=\"elementor-field-option\">\n\t\t\t\t<input type=\"checkbox\" name=\"form_fields[field_9107a2e]\" id=\"form-field-field_9107a2e\" class=\"elementor-field elementor-size-md  elementor-acceptance-field\" required=\"required\">\n\t\t\t\t<label for=\"form-field-field_9107a2e\">Acepto la Pol\u00edtica de Privacidad de Alser Administraci\u00f3n De Fincas S.L.<\/label>\t\t\t<\/span>\n\t\t<\/div>\n\t\t\t\t\t\t<\/div>\n\t\t\t\t\t\t\t\t<div class=\"elementor-field-group elementor-column elementor-field-type-submit elementor-col-100 e-form__buttons\">\n\t\t\t\t\t<button class=\"elementor-button elementor-size-md\" type=\"submit\">\n\t\t\t\t\t\t<span class=\"elementor-button-content-wrapper\">\n\t\t\t\t\t\t\t\t\t\t\t\t\t\t\t\t\t\t\t\t\t\t<span class=\"elementor-button-text\">Enviar \u27f6<\/span>\n\t\t\t\t\t\t\t\t\t\t\t\t\t<\/span>\n\t\t\t\t\t<\/button>\n\t\t\t\t<\/div>\n\t\t\t<\/div>\n\t\t<\/form>\n\t\t\t\t\t\t<\/div>\n\t\t\t\t<\/div>\n\t\t\t\t<\/div>\n\t\t\t\t<\/div>\n\t\t","protected":false},"excerpt":{"rendered":"<p>Qui\u00e9nes somos Alser Administraci\u00f3n de Fincas, S.L. es una empresa especializada en la administraci\u00f3n de fincas y gesti\u00f3n de Comunidades de Propietarios, fundada en el a\u00f1o 2004. Estamos ubicados en el barrio de Chamber\u00ed, en Madrid, desde donde prestamos nuestros servicios a comunidades de propietarios de la zona y del resto de la ciudad. En [&hellip;]<\/p>\n","protected":false},"author":1,"featured_media":0,"parent":0,"menu_order":0,"comment_status":"closed","ping_status":"closed","template":"","meta":{"footnotes":""},"class_list":["post-133","page","type-page","status-publish","hentry"],"yoast_head":"<!-- This site is optimized with the Yoast SEO plugin v26.8 - https:\/\/yoast.com\/product\/yoast-seo-wordpress\/ -->\n<title>Quienes Somos - Alser Administraci\u00f3n de Fincas<\/title>\n<meta name=\"robots\" content=\"index, follow, max-snippet:-1, max-image-preview:large, max-video-preview:-1\" \/>\n<link rel=\"canonical\" href=\"https:\/\/alserfincas.com\/index.php\/quienes-somos\/\" \/>\n<meta property=\"og:locale\" content=\"es_ES\" \/>\n<meta property=\"og:type\" content=\"article\" \/>\n<meta property=\"og:title\" content=\"Quienes Somos - Alser Administraci\u00f3n de Fincas\" \/>\n<meta property=\"og:description\" content=\"Qui\u00e9nes somos Alser Administraci\u00f3n de Fincas, S.L. es una empresa especializada en la administraci\u00f3n de fincas y gesti\u00f3n de Comunidades de Propietarios, fundada en el a\u00f1o 2004. Estamos ubicados en el barrio de Chamber\u00ed, en Madrid, desde donde prestamos nuestros servicios a comunidades de propietarios de la zona y del resto de la ciudad. En [&hellip;]\" \/>\n<meta property=\"og:url\" content=\"https:\/\/alserfincas.com\/index.php\/quienes-somos\/\" \/>\n<meta property=\"og:site_name\" content=\"Alser Administraci\u00f3n de Fincas\" \/>\n<meta property=\"article:modified_time\" content=\"2026-01-14T08:36:21+00:00\" \/>\n<meta property=\"og:image\" content=\"https:\/\/alserfincas.com\/wp-content\/uploads\/2026\/01\/001.jpg\" \/>\n\t<meta property=\"og:image:width\" content=\"672\" \/>\n\t<meta property=\"og:image:height\" content=\"672\" \/>\n\t<meta property=\"og:image:type\" content=\"image\/jpeg\" \/>\n<meta name=\"twitter:card\" content=\"summary_large_image\" \/>\n<meta name=\"twitter:label1\" content=\"Tiempo de lectura\" \/>\n\t<meta name=\"twitter:data1\" content=\"3 minutos\" \/>\n<script type=\"application\/ld+json\" class=\"yoast-schema-graph\">{\"@context\":\"https:\/\/schema.org\",\"@graph\":[{\"@type\":\"WebPage\",\"@id\":\"https:\/\/alserfincas.com\/index.php\/quienes-somos\/\",\"url\":\"https:\/\/alserfincas.com\/index.php\/quienes-somos\/\",\"name\":\"Quienes Somos - Alser Administraci\u00f3n de Fincas\",\"isPartOf\":{\"@id\":\"https:\/\/alserfincas.com\/#website\"},\"primaryImageOfPage\":{\"@id\":\"https:\/\/alserfincas.com\/index.php\/quienes-somos\/#primaryimage\"},\"image\":{\"@id\":\"https:\/\/alserfincas.com\/index.php\/quienes-somos\/#primaryimage\"},\"thumbnailUrl\":\"https:\/\/alserfincas.com\/wp-content\/uploads\/2026\/01\/001.jpg\",\"datePublished\":\"2025-10-30T19:43:40+00:00\",\"dateModified\":\"2026-01-14T08:36:21+00:00\",\"breadcrumb\":{\"@id\":\"https:\/\/alserfincas.com\/index.php\/quienes-somos\/#breadcrumb\"},\"inLanguage\":\"es\",\"potentialAction\":[{\"@type\":\"ReadAction\",\"target\":[\"https:\/\/alserfincas.com\/index.php\/quienes-somos\/\"]}]},{\"@type\":\"ImageObject\",\"inLanguage\":\"es\",\"@id\":\"https:\/\/alserfincas.com\/index.php\/quienes-somos\/#primaryimage\",\"url\":\"https:\/\/alserfincas.com\/wp-content\/uploads\/2026\/01\/001.jpg\",\"contentUrl\":\"https:\/\/alserfincas.com\/wp-content\/uploads\/2026\/01\/001.jpg\",\"width\":672,\"height\":672},{\"@type\":\"BreadcrumbList\",\"@id\":\"https:\/\/alserfincas.com\/index.php\/quienes-somos\/#breadcrumb\",\"itemListElement\":[{\"@type\":\"ListItem\",\"position\":1,\"name\":\"Portada\",\"item\":\"https:\/\/alserfincas.com\/\"},{\"@type\":\"ListItem\",\"position\":2,\"name\":\"Quienes Somos\"}]},{\"@type\":\"WebSite\",\"@id\":\"https:\/\/alserfincas.com\/#website\",\"url\":\"https:\/\/alserfincas.com\/\",\"name\":\"Alser Administraci\u00f3n de Fincas\",\"description\":\"Ofrecemos un servicio integral de administraci\u00f3n de fincas\",\"publisher\":{\"@id\":\"https:\/\/alserfincas.com\/#organization\"},\"potentialAction\":[{\"@type\":\"SearchAction\",\"target\":{\"@type\":\"EntryPoint\",\"urlTemplate\":\"https:\/\/alserfincas.com\/?s={search_term_string}\"},\"query-input\":{\"@type\":\"PropertyValueSpecification\",\"valueRequired\":true,\"valueName\":\"search_term_string\"}}],\"inLanguage\":\"es\"},{\"@type\":\"Organization\",\"@id\":\"https:\/\/alserfincas.com\/#organization\",\"name\":\"Alser Administraci\u00f3n de Fincas\",\"url\":\"https:\/\/alserfincas.com\/\",\"logo\":{\"@type\":\"ImageObject\",\"inLanguage\":\"es\",\"@id\":\"https:\/\/alserfincas.com\/#\/schema\/logo\/image\/\",\"url\":\"https:\/\/alserfincas.com\/wp-content\/uploads\/2025\/11\/logo-header.png\",\"contentUrl\":\"https:\/\/alserfincas.com\/wp-content\/uploads\/2025\/11\/logo-header.png\",\"width\":178,\"height\":120,\"caption\":\"Alser Administraci\u00f3n de Fincas\"},\"image\":{\"@id\":\"https:\/\/alserfincas.com\/#\/schema\/logo\/image\/\"}}]}<\/script>\n<!-- \/ Yoast SEO plugin. -->","yoast_head_json":{"title":"Quienes Somos - Alser Administraci\u00f3n de Fincas","robots":{"index":"index","follow":"follow","max-snippet":"max-snippet:-1","max-image-preview":"max-image-preview:large","max-video-preview":"max-video-preview:-1"},"canonical":"https:\/\/alserfincas.com\/index.php\/quienes-somos\/","og_locale":"es_ES","og_type":"article","og_title":"Quienes Somos - Alser Administraci\u00f3n de Fincas","og_description":"Qui\u00e9nes somos Alser Administraci\u00f3n de Fincas, S.L. es una empresa especializada en la administraci\u00f3n de fincas y gesti\u00f3n de Comunidades de Propietarios, fundada en el a\u00f1o 2004. Estamos ubicados en el barrio de Chamber\u00ed, en Madrid, desde donde prestamos nuestros servicios a comunidades de propietarios de la zona y del resto de la ciudad. En [&hellip;]","og_url":"https:\/\/alserfincas.com\/index.php\/quienes-somos\/","og_site_name":"Alser Administraci\u00f3n de Fincas","article_modified_time":"2026-01-14T08:36:21+00:00","og_image":[{"width":672,"height":672,"url":"https:\/\/alserfincas.com\/wp-content\/uploads\/2026\/01\/001.jpg","type":"image\/jpeg"}],"twitter_card":"summary_large_image","twitter_misc":{"Tiempo de lectura":"3 minutos"},"schema":{"@context":"https:\/\/schema.org","@graph":[{"@type":"WebPage","@id":"https:\/\/alserfincas.com\/index.php\/quienes-somos\/","url":"https:\/\/alserfincas.com\/index.php\/quienes-somos\/","name":"Quienes Somos - Alser Administraci\u00f3n de Fincas","isPartOf":{"@id":"https:\/\/alserfincas.com\/#website"},"primaryImageOfPage":{"@id":"https:\/\/alserfincas.com\/index.php\/quienes-somos\/#primaryimage"},"image":{"@id":"https:\/\/alserfincas.com\/index.php\/quienes-somos\/#primaryimage"},"thumbnailUrl":"https:\/\/alserfincas.com\/wp-content\/uploads\/2026\/01\/001.jpg","datePublished":"2025-10-30T19:43:40+00:00","dateModified":"2026-01-14T08:36:21+00:00","breadcrumb":{"@id":"https:\/\/alserfincas.com\/index.php\/quienes-somos\/#breadcrumb"},"inLanguage":"es","potentialAction":[{"@type":"ReadAction","target":["https:\/\/alserfincas.com\/index.php\/quienes-somos\/"]}]},{"@type":"ImageObject","inLanguage":"es","@id":"https:\/\/alserfincas.com\/index.php\/quienes-somos\/#primaryimage","url":"https:\/\/alserfincas.com\/wp-content\/uploads\/2026\/01\/001.jpg","contentUrl":"https:\/\/alserfincas.com\/wp-content\/uploads\/2026\/01\/001.jpg","width":672,"height":672},{"@type":"BreadcrumbList","@id":"https:\/\/alserfincas.com\/index.php\/quienes-somos\/#breadcrumb","itemListElement":[{"@type":"ListItem","position":1,"name":"Portada","item":"https:\/\/alserfincas.com\/"},{"@type":"ListItem","position":2,"name":"Quienes Somos"}]},{"@type":"WebSite","@id":"https:\/\/alserfincas.com\/#website","url":"https:\/\/alserfincas.com\/","name":"Alser Administraci\u00f3n de Fincas","description":"Ofrecemos un servicio integral de administraci\u00f3n de fincas","publisher":{"@id":"https:\/\/alserfincas.com\/#organization"},"potentialAction":[{"@type":"SearchAction","target":{"@type":"EntryPoint","urlTemplate":"https:\/\/alserfincas.com\/?s={search_term_string}"},"query-input":{"@type":"PropertyValueSpecification","valueRequired":true,"valueName":"search_term_string"}}],"inLanguage":"es"},{"@type":"Organization","@id":"https:\/\/alserfincas.com\/#organization","name":"Alser Administraci\u00f3n de Fincas","url":"https:\/\/alserfincas.com\/","logo":{"@type":"ImageObject","inLanguage":"es","@id":"https:\/\/alserfincas.com\/#\/schema\/logo\/image\/","url":"https:\/\/alserfincas.com\/wp-content\/uploads\/2025\/11\/logo-header.png","contentUrl":"https:\/\/alserfincas.com\/wp-content\/uploads\/2025\/11\/logo-header.png","width":178,"height":120,"caption":"Alser Administraci\u00f3n de Fincas"},"image":{"@id":"https:\/\/alserfincas.com\/#\/schema\/logo\/image\/"}}]}},"_links":{"self":[{"href":"https:\/\/alserfincas.com\/index.php\/wp-json\/wp\/v2\/pages\/133","targetHints":{"allow":["GET"]}}],"collection":[{"href":"https:\/\/alserfincas.com\/index.php\/wp-json\/wp\/v2\/pages"}],"about":[{"href":"https:\/\/alserfincas.com\/index.php\/wp-json\/wp\/v2\/types\/page"}],"author":[{"embeddable":true,"href":"https:\/\/alserfincas.com\/index.php\/wp-json\/wp\/v2\/users\/1"}],"replies":[{"embeddable":true,"href":"https:\/\/alserfincas.com\/index.php\/wp-json\/wp\/v2\/comments?post=133"}],"version-history":[{"count":131,"href":"https:\/\/alserfincas.com\/index.php\/wp-json\/wp\/v2\/pages\/133\/revisions"}],"predecessor-version":[{"id":897,"href":"https:\/\/alserfincas.com\/index.php\/wp-json\/wp\/v2\/pages\/133\/revisions\/897"}],"wp:attachment":[{"href":"https:\/\/alserfincas.com\/index.php\/wp-json\/wp\/v2\/media?parent=133"}],"curies":[{"name":"wp","href":"https:\/\/api.w.org\/{rel}","templated":true}]}}